11001 (base 2) to base 13
-3721
What is 3342 (base 9) in base 5?
34333
15230 (base 6) to base 4
212202
2d92 (base 16) to base 5
333131
Convert -2212002102 (base 3) to base 6.
-1112102
Convert 1022200 (base 3) to base 12.
683
110002 (base 4) to base 9
1674
Convert 597 (base 10) to base 15.
29c
What is -122230 (base 5) in base 2?
-1001001010010
-10033221 (base 4) to base 13
-7bb4
Convert 13301201 (base 4) to base 9.
47608
What is b77 (base 12) in base 2?
11010001011
Convert -89 (base 11) to base 3.
-10121
-201 (base 5) to base 8
-63
Convert 7510 (base 13) to base 5.
1004422
What is -60d (base 15) in base 6?
-10151
What is -100111110000100 (base 2) in base 5?
-1122411
What is 2106 (base 7) in base 3?
1000110
What is -5215 (base 8) in base 16?
-a8d
What is -1860 (base 9) in base 6?
-10343
Convert 10312321 (base 4) to base 5.
1114042
What is -36a (base 11) in base 3?
-121021
Convert 599 (base 14) to base 16.
45b
Convert 7c (base 15) to base 14.
85
What is -101415 (base 7) in base 13?
-7b93
Convert -99b (base 12) to base 8.
-2607
852 (base 10) to base 13
507
Convert -11000101100110 (base 2) to base 7.
-51604
-10010100110111100 (base 2) to base 3
-10212112222
156621 (base 7) to base 3
1120202210
What is 2360 (base 8) in base 15?
594
Convert 144333 (base 5) to base 8.
14112
Convert 3321320 (base 4) to base 14.
5b84
What is 1011 (base 9) in base 3?
1000101
Convert dae (base 15) to base 6.
22145
Convert -662 (base 10) to base 16.
-296
Convert 561 (base 11) to base 9.
826
222 (base 9) to base 7
350
Convert 1000 (base 5) to base 16.
7d
-100000100011100 (base 2) to base 7
-66411
Convert 3130 (base 6) to base 8.
1276
-101000110010 (base 2) to base 6
-20030
What is -1b8d (base 14) in base 3?
-20220010
What is 204034 (base 6) in base 12?
961a
What is 7489 (base 10) in base 16?
1d41
Convert -213321 (base 4) to base 13.
-1215
Convert -371 (base 15) to base 9.
-1057
10111111 (base 3) to base 14
d03
What is 114206 (base 8) in base 7?
221560
Convert 2012130 (base 4) to base 3.
102210200
What is 10121 (base 4) in base 2?
100011001
5205 (base 9) to base 7
14054
What is 11bb (base 15) in base 7?
14003
63f (base 16) to base 4
120333
Convert -4203 (base 5) to base 8.
-1051
Convert 179 (base 15) to base 5.
2324
Convert -34223 (base 7) to base 6.
-104122
Convert -10021022012 (base 3) to base 13.
-233ba
What is c70 (base 15) in base 8?
5365
101111101001 (base 2) to base 4
233221
-122012222 (base 3) to base 13
-5939
What is -1101223 (base 4) in base 13?
-24c1
Convert -725 (base 13) to base 7.
-3353
1304 (base 6) to base 2
101001000
What is 4446 (base 7) in base 10?
1602
What is 10241 (base 7) in base 11?
1999
What is 1ce (base 15) in base 12?
2ab
Convert -55212 (base 6) to base 13.
-3629
What is 4615 (base 13) in base 2?
10011001011100
What is -124352 (base 6) in base 10?
-11372
What is 979 (base 10) in base 6?
4311
-1984 (base 12) to base 8
-6064
What is 22220 (base 4) in base 2?
1010101000
Convert -101110110 (base 2) to base 13.
-22a
Convert -54b (base 12) to base 8.
-1413
Convert -542 (base 10) to base 13.
-329
What is c4b (base 15) in base 5?
42041
What is 3eb (base 15) in base 10?
896
-4465 (base 9) to base 15
-e9e
-a42 (base 11) to base 10
-1256
Convert 30632 (base 7) to base 13.
3566
36115 (base 8) to base 2
11110001001101
Convert d9e (base 16) to base 2.
110110011110
Convert -9737 (base 15) to base 9.
-47807
-3533 (base 11) to base 9
-6318
What is 3100 (base 8) in base 5?
22400
Convert -2ac (base 16) to base 3.
-221100
What is -269 (base 15) in base 4?
-20211
What is 11212 (base 4) in base 10?
358
Convert -1100011110 (base 2) to base 15.
-383
What is -2535 (base 6) in base 13?
-39b
-5726 (base 9) to base 14
-1788
-1682 (base 9) to base 10
-1289
What is -411 (base 9) in base 6?
-1314
-434255 (base 6) to base 9
-54288
What is 5314 (base 7) in base 9?
2511
What is -748e (base 16) in base 13?
-10773
1345 (base 6) to base 9
432
What is 17837 (base 9) in base 8?
30072
-28616 (base 9) to base 11
-13687
What is 3331 (base 11) in base 10?
4390
-130 (base 4) to base 11
-26
Convert -10000011001 (base 2) to base 14.
-54d
What is 3253 (base 7) in base 15?
52a
Convert -93b (base 15) to base 16.
-821
-4441 (base 5) to base 16
-26d
-5688 (base 10) to base 12
-3360
What is 2d51 (base 14) in base 11?
6100
Convert -1029 (base 11) to base 5.
-20422
Convert -11435 (base 6) to base 11.
-1297
-174153 (base 8) to base 5
-4013340
Convert 23651 (base 7) to base 9.
8405
3313 (base 4) to base 12
187
What is -22679 (base 10) in base 16?
-5897
Convert -132 (base 11) to base 4.
-2130
What is 1211 (base 14) in base 13?
1585
What is -9135 (base 10) in base 4?
-2032233
90630 (base 10) to base 16
16206
What is -7ca (base 13) in base 5?
-20344
Convert -101000101000000 (base 2) to base 16.
-5140
Convert -561 (base 9) to base 4.
-13030
Convert -10111001100 (base 2) to base 15.
-68e
What is -31134 (base 5) in base 14?
-a60
What is 110011 (base 4) in base 14?
67b
What is -81 (base 10) in base 6?
-213
What is 2001012 (base 3) in base 7?
4226
Convert 14a2 (base 16) to base 7.
21254
-201100 (base 3) to base 12
-376
What is -17032 (base 9) in base 11?
-8870
What is 1000111000 (base 2) in base 3?
210001
What is 3300 (base 5) in base 9?
550
What is 1000010011011110 (base 2) in base 7?
201111
What is -429 (base 16) in base 9?
-1413
1011 (base 11) to base 16
53f
-29b1 (base 12) to base 10
-4885
What is -302240 (base 5) in base 6?
-112515
What is 301304 (base 5) in base 9?
14123
Convert -122001 (base 5) to base 3.
-20100100
2132 (base 4) to base 10
158
Convert 5c4d (base 15) to base 6.
230544
Convert -4932 (base 14) to base 2.
-11000111110000
Convert 4787 (base 15) to base 13.
6bc5
2098 (base 12) to base 14
1432
-6513 (base 9) to base 2
-1001010110111
What is -738 (base 14) in base 5?
-21142
155ce (base 15) to base 10
68819
1101111001 (base 2) to base 15
3e4
-24004 (base 5) to base 13
-a4c
Convert -616 (base 12) to base 13.
-52b
Convert 10202 (base 3) to base 13.
7a
-4144 (base 9) to base 15
-d77
What is -10101111100101 (base 2) in base 8?
-25745
Convert -110011 (base 2) to base 3.
-1220
Convert -65612 (base 7) to base 16.
-4028
Convert 154144 (base 6) to base 8.
35520
What is -15634 (base 11) in base 6?
-250043
Convert -1bcb (base 14) to base 3.
-20222010
Convert -14544 (base 8) to base 2.
-1100101100100
What is 98a2 (base 15) in base 9?
48308
-354024 (base 6) to base 9
-46077
101110100 (base 2) to base 14
1c8
What is -182 (base 11) in base 15?
-e1
Convert 2626 (base 11) to base 13.
172a
5054 (base 7) to base 8
3332
Convert -2b1c (base 14) to base 2.
-1110111110110
Convert -2221333 (base 5) to base 13.
-14977
173 (base 16) to base 4
11303
40016 (base 8) to base 4
10000032
What is 239 (base 15) in base 8?
770
Convert 947 (base 13) to base 4.
120230
What is -423 (base 13) in base 6?
-3133
What is -1154 (base 8) in base 3?
-211222
Convert -399 (base 11) to base 16.
-1d7
-451 (base 7) to base 13
-14b
What is -233 (base 6) in base 16?
-5d
Convert -20 (base 3) to base 10.
-6
-628 (base 14) to base 5
-14322
134 (base 6) to base 5
213
-110112221 (base 3) to base 7
-35452
-244433 (base 5) to base 6
-111212
Convert 411225 (base 6) to base 11.
22632
What is 1022200 (base 3) in base 10?
963
What is 4241 (base 5) in base 10?
571
What is -23422 (base 6) in base 3?
-11122212
What is -46 (base 8) in base 16?
-26
-135 (base 10) to base 11
-113
What is -3665 (base 7) in base 4?
-111122
1001111101 (base 2) to base 15
2c7
Convert -3423 (base 8) to base 5.
-24221
Convert 21 (base 7) to base 15.
10
155b (base 13) to base 3
11021111
What is 88 (base 12) in base 14?
76
What is -1145 (base 9) in base 12?
-5ab
What is 4475 (base 12) in base 3?
101101122
Convert 925 (base 11) to base 4.
101130
What is 18aa (base 14) in base 7?
16003
204ac (base 13) to base 7
330631
What is -40410 (base 5) in base 4?
-220231
Convert -2035 (base 6) to base 8.
-707
-4735 (base 12) to base 10
-7961
Convert 623b (base 13) to base 11.
a217
Convert -a (base 14) to base 12.
-a
What is 1541 (base 6) in base 5?
3141
74 (base 15) to base 8
155
6ba (base 13) to base 10
1167
What is -162c (base 13) in base 4?
-302301
Convert -303311 (base 5) to base 12.
-5833
-2212 (base 3) to base 2
-1001101
-46077 (base 8) to base 3
-222202221
-101001101 (base 2) to base 11
-28